{"id":2,"date":"2020-09-13T12:59:48","date_gmt":"2020-09-13T12:59:48","guid":{"rendered":"https:\/\/www.aikidobustoarsizio.it\/?page_id=2"},"modified":"2024-08-31T09:12:12","modified_gmt":"2024-08-31T09:12:12","slug":"sample-page","status":"publish","type":"page","link":"https:\/\/www.aikidobustoarsizio.it\/","title":{"rendered":"Aikido Kobayashi Busto Arsizio"},"content":{"rendered":"<p>[et_pb_section fb_built=&#8221;1&#8243; _builder_version=&#8221;3.22&#8243;][et_pb_row _builder_version=&#8221;3.22.1&#8243; background_size=&#8221;initial&#8221; background_position=&#8221;top_left&#8221; background_repeat=&#8221;repeat&#8221;][et_pb_column type=&#8221;4_4&#8243; _builder_version=&#8221;3.0.47&#8243;][et_pb_image src=&#8221;https:\/\/www.aikidobustoarsizio.it\/wp-content\/uploads\/2024\/08\/locandina2425-Aikido.png&#8221; align=&#8221;center&#8221; _builder_version=&#8221;3.22.1&#8243;][\/et_pb_image][\/et_pb_column][\/et_pb_row][et_pb_row _builder_version=&#8221;3.22.1&#8243;][et_pb_column type=&#8221;4_4&#8243; _builder_version=&#8221;3.22.1&#8243;][et_pb_text _builder_version=&#8221;3.22.1&#8243;]<\/p>\n<div class=\"et_pb_module et_pb_text et_pb_text_1  et_pb_text_align_left et_pb_bg_layout_light\">\n<div class=\"et_pb_text_inner\">\n<h1 class=\"paragraph_style_5\" style=\"text-align: center;\">La Via che Unisce l\u2019Energia Interiore con l\u2019Universo<\/h1>\n<\/div>\n<\/div>\n<div class=\"et_pb_module et_pb_text et_pb_text_2  et_pb_text_align_left et_pb_bg_layout_light\">\n<div class=\"et_pb_text_inner\">\n<p style=\"text-align: center;\">L\u2019Aikido non \u00e8 una disciplina finalizzata al combattimento, fondata sulla ricerca dell\u2019attacco risolutivo e del colpo offensivo definitivo ma si fonda sulla ricerca del migliore comportamento difensivo. La difesa perfetta perseguita nell\u2019Aikido \u00e8 quel comportamento che realizza l\u2019immunit\u00e0 da danni ed offese: pertanto questo obiettivo viene sicuramente raggiunto quando l\u2019aikidoka riesce a non farsi coinvolgere in un combattimento, oppure in subordine a ci\u00f2, quando riesce a vanificare l\u2019attacco dell\u2019avversario ed a farlo desistere dai suoi propositi aggressivi ed offensivi.<\/p>\n<\/div>\n<\/div>\n<p>[\/et_pb_text][et_pb_text _builder_version=&#8221;3.22.1&#8243;]<\/p>\n<div class=\"et_pb_column et_pb_column_4_4 et_pb_column_4  et_pb_css_mix_blend_mode_passthrough et-last-child\">\n<div class=\"et_pb_module et_pb_text et_pb_text_3  et_pb_text_align_center et_pb_bg_layout_light\">\n<div class=\"et_pb_text_inner\">\n<h2 style=\"text-align: left;\">I nostri Corsi<\/h2>\n<\/div>\n<\/div>\n<div class=\"et_pb_module et_pb_text et_pb_text_4  et_pb_text_align_left et_pb_bg_layout_light\">\n<div class=\"et_pb_text_inner\">\n<p class=\"paragraph_style_2\" style=\"text-align: center;\">La partecipazione ai corsi \u00e8 aperta a tutti, non \u00e8 richiesta alcuna preparazione fisica specifica, non vi sono competizioni. Le prime 2 lezioni di prova sono gratuite e senza alcun impegno, durante tali prove verranno impartite nozioni primarie riguardanti l\u2019area materiale. Si richiede al momento dell\u2019iscrizione il certificato medico per attivit\u00e0 sportiva non agonistica. I corsi iniziano a ottobre e terminano a giugno. \u00c8 possibile cominciare la pratica in qualsiasi momento dell\u2019anno. Vi consigliamo di venire a provare una lezione, \u00e8 sufficiente un abito comodo (tuta sportiva o similari).<\/p>\n<p class=\"paragraph_style_3\" style=\"text-align: center;\">Orario 2024\/2025<\/p>\n<p class=\"paragraph_style_3\" style=\"text-align: center;\">Apertura Corsi\u00a0 1 Settimana di Ottobre<br \/>Chiusura Corsi \u00a04 Settimana di Giugno<br \/>Mercoled\u00ec\u00a0 : 21:00 \u2013 22:30<\/p>\n<p class=\"paragraph_style_3\" style=\"text-align: center;\">\n<\/div>\n<\/div>\n<\/div>\n<p>[\/et_pb_text][et_pb_text _builder_version=&#8221;3.22.1&#8243;]<\/p>\n<div class=\"et_pb_column et_pb_column_4_4 et_pb_column_5  et_pb_css_mix_blend_mode_passthrough et-last-child\">\n<div class=\"et_pb_module et_pb_text et_pb_text_5  et_pb_text_align_center et_pb_bg_layout_light\">\n<div class=\"et_pb_text_inner\">\n<h2 style=\"text-align: left;\">Dove Siamo<\/h2>\n<\/div>\n<\/div>\n<div class=\"et_pb_module et_pb_text et_pb_text_6  et_pb_text_align_center et_pb_bg_layout_light\">\n<div class=\"et_pb_text_inner\">\n<h5 style=\"text-align: center;\">\u00a0Centro Sportivo<br \/><span class=\"style\">Skorpion Karate Asd<br \/><span class=\"LrzXr\">Via Asti, 5, 21053 Castellanza ( Varese )<\/span><br \/><\/span><\/h5>\n<\/div>\n<\/div>\n<\/div>\n<p>[\/et_pb_text][et_pb_image src=&#8221;https:\/\/www.aikidobustoarsizio.it\/wp-content\/uploads\/2021\/10\/Schermata-2021-10-31-alle-15.42.41.png&#8221; align=&#8221;center&#8221; _builder_version=&#8221;3.22.1&#8243; box_shadow_style=&#8221;preset2&#8243; width=&#8221;66%&#8221; max_width=&#8221;100%&#8221;][\/et_pb_image][\/et_pb_column][\/et_pb_row][et_pb_row _builder_version=&#8221;3.22.1&#8243;][et_pb_column type=&#8221;4_4&#8243; _builder_version=&#8221;3.22.1&#8243;][et_pb_testimonial author=&#8221;Morihei Ueshiba (cit.)&#8221; portrait_url=&#8221;https:\/\/www.aikidobustoarsizio.it\/wp-content\/uploads\/2020\/09\/morei3.jpg&#8221; quote_icon=&#8221;off&#8221; admin_label=&#8221;Testimonial&#8221; _builder_version=&#8221;3.22.1&#8243; body_font=&#8221;||||||||&#8221; text_orientation=&#8221;center&#8221;]<span class=\"style\" style=\"line-height: 19px;\">\u201cSe il cuore \u00e8 aperto e puro, non c\u2019\u00e8 spazio per il danno; e al livello pi\u00f9 profondo, amore e volont\u00e0 sono una cosa sola\u201d. <\/span>[\/et_pb_testimonial][\/et_pb_column][\/et_pb_row][\/et_pb_section]<\/p>\n","protected":false},"excerpt":{"rendered":"<p>[et_pb_section fb_built=&#8221;1&#8243; _builder_version=&#8221;3.22&#8243;][et_pb_row _builder_version=&#8221;3.22.1&#8243; background_size=&#8221;initial&#8221; background_position=&#8221;top_left&#8221; background_repeat=&#8221;repeat&#8221;][et_pb_column type=&#8221;4_4&#8243; _builder_version=&#8221;3.0.47&#8243;][et_pb_image src=&#8221;https:\/\/www.aikidobustoarsizio.it\/wp-content\/uploads\/2024\/08\/locandina2425-Aikido.png&#8221; align=&#8221;center&#8221; _builder_version=&#8221;3.22.1&#8243;][\/et_pb_image][\/et_pb_column][\/et_pb_row][et_pb_row _builder_version=&#8221;3.22.1&#8243;][et_pb_column type=&#8221;4_4&#8243; _builder_version=&#8221;3.22.1&#8243;][et_pb_text _builder_version=&#8221;3.22.1&#8243;] La Via che Unisce l\u2019Energia Interiore con l\u2019Universo L\u2019Aikido non \u00e8 una disciplina finalizzata al combattimento, fondata sulla ricerca dell\u2019attacco risolutivo e del colpo offensivo definitivo ma si fonda sulla ricerca del migliore comportamento difensivo. La difesa perfetta perseguita [&hellip;]<\/p>\n","protected":false},"author":1,"featured_media":204,"parent":0,"menu_order":0,"comment_status":"closed","ping_status":"closed","template":"","meta":{"_et_pb_use_builder":"on","_et_pb_old_content":"<!-- wp:paragraph -->\n<p>\u201cDov\u2019\u00e8 l\u2019armonia se ho le mani dure, le spalle bloccate e la schiena irrigidita?\u201d<br>Kobayashi Hirokazu (cit.)<\/p>\n<!-- \/wp:paragraph -->\n\n<!-- wp:paragraph -->\n<p>Giampietro Savegnago<\/p>\n<!-- \/wp:paragraph -->\n\n<!-- wp:quote -->\n<blockquote class=\"wp-block-quote\"><p>\u201cL\u2019aikido libera la testa, lavora sulla percezione nel suo insieme, ascolta sia il fisico che la mente. Anche le cadute, per esempio, quando si possiede una certa pratica, portano a un riequilibrio interiore, una specie di \u201cmassaggio interno\u201d. Per questo la pratica porta a un benessere completo della persona\u201d<\/p><\/blockquote>\n<!-- \/wp:quote -->","_exactmetrics_skip_tracking":false,"_exactmetrics_sitenote_active":false,"_exactmetrics_sitenote_note":"","_exactmetrics_sitenote_category":0,"footnotes":""},"class_list":["post-2","page","type-page","status-publish","has-post-thumbnail","hentry"],"yoast_head":"<!-- This site is optimized with the Yoast SEO plugin v27.6 - https:\/\/yoast.com\/product\/yoast-seo-wordpress\/ -->\r\n<title>Aikido Kobayashi Busto Arsizio - Aikido Kobayashi Busto Arsizio<\/title>\r\n<meta name=\"robots\" content=\"index, follow, max-snippet:-1, max-image-preview:large, max-video-preview:-1\" \/>\r\n<link rel=\"canonical\" href=\"https:\/\/www.aikidobustoarsizio.it\/\" \/>\r\n<meta property=\"og:locale\" content=\"it_IT\" \/>\r\n<meta property=\"og:type\" content=\"article\" \/>\r\n<meta property=\"og:title\" content=\"Aikido Kobayashi Busto Arsizio - Aikido Kobayashi Busto Arsizio\" \/>\r\n<meta property=\"og:description\" content=\"[et_pb_section fb_built=&#8221;1&#8243; _builder_version=&#8221;3.22&#8243;][et_pb_row _builder_version=&#8221;3.22.1&#8243; background_size=&#8221;initial&#8221; background_position=&#8221;top_left&#8221; background_repeat=&#8221;repeat&#8221;][et_pb_column type=&#8221;4_4&#8243; _builder_version=&#8221;3.0.47&#8243;][et_pb_image src=&#8221;https:\/\/www.aikidobustoarsizio.it\/wp-content\/uploads\/2024\/08\/locandina2425-Aikido.png&#8221; align=&#8221;center&#8221; _builder_version=&#8221;3.22.1&#8243;][\/et_pb_image][\/et_pb_column][\/et_pb_row][et_pb_row _builder_version=&#8221;3.22.1&#8243;][et_pb_column type=&#8221;4_4&#8243; _builder_version=&#8221;3.22.1&#8243;][et_pb_text _builder_version=&#8221;3.22.1&#8243;] La Via che Unisce l\u2019Energia Interiore con l\u2019Universo L\u2019Aikido non \u00e8 una disciplina finalizzata al combattimento, fondata sulla ricerca dell\u2019attacco risolutivo e del colpo offensivo definitivo ma si fonda sulla ricerca del migliore comportamento difensivo. La difesa perfetta perseguita [&hellip;]\" \/>\r\n<meta property=\"og:url\" content=\"https:\/\/www.aikidobustoarsizio.it\/\" \/>\r\n<meta property=\"og:site_name\" content=\"Aikido Kobayashi Busto Arsizio\" \/>\r\n<meta property=\"article:publisher\" content=\"https:\/\/www.facebook.com\/AikidoBustoArsizio\" \/>\r\n<meta property=\"article:modified_time\" content=\"2024-08-31T09:12:12+00:00\" \/>\r\n<meta name=\"twitter:card\" content=\"summary_large_image\" \/>\r\n<meta name=\"twitter:label1\" content=\"Tempo di lettura stimato\" \/>\n\t<meta name=\"twitter:data1\" content=\"2 minuti\" \/>\r\n<script type=\"application\/ld+json\" class=\"yoast-schema-graph\">{\"@context\":\"https:\\\/\\\/schema.org\",\"@graph\":[{\"@type\":\"WebPage\",\"@id\":\"https:\\\/\\\/www.aikidobustoarsizio.it\\\/\",\"url\":\"https:\\\/\\\/www.aikidobustoarsizio.it\\\/\",\"name\":\"Aikido Kobayashi Busto Arsizio - Aikido Kobayashi Busto Arsizio\",\"isPartOf\":{\"@id\":\"https:\\\/\\\/www.aikidobustoarsizio.it\\\/#website\"},\"primaryImageOfPage\":{\"@id\":\"https:\\\/\\\/www.aikidobustoarsizio.it\\\/#primaryimage\"},\"image\":{\"@id\":\"https:\\\/\\\/www.aikidobustoarsizio.it\\\/#primaryimage\"},\"thumbnailUrl\":\"\",\"datePublished\":\"2020-09-13T12:59:48+00:00\",\"dateModified\":\"2024-08-31T09:12:12+00:00\",\"breadcrumb\":{\"@id\":\"https:\\\/\\\/www.aikidobustoarsizio.it\\\/#breadcrumb\"},\"inLanguage\":\"it-IT\",\"potentialAction\":[{\"@type\":\"ReadAction\",\"target\":[\"https:\\\/\\\/www.aikidobustoarsizio.it\\\/\"]}]},{\"@type\":\"ImageObject\",\"inLanguage\":\"it-IT\",\"@id\":\"https:\\\/\\\/www.aikidobustoarsizio.it\\\/#primaryimage\",\"url\":\"\",\"contentUrl\":\"\",\"width\":360,\"height\":640},{\"@type\":\"BreadcrumbList\",\"@id\":\"https:\\\/\\\/www.aikidobustoarsizio.it\\\/#breadcrumb\",\"itemListElement\":[{\"@type\":\"ListItem\",\"position\":1,\"name\":\"Home\",\"item\":\"https:\\\/\\\/www.aikidobustoarsizio.it\\\/\"},{\"@type\":\"ListItem\",\"position\":2,\"name\":\"Aikido Kobayashi Busto Arsizio\"}]},{\"@type\":\"WebSite\",\"@id\":\"https:\\\/\\\/www.aikidobustoarsizio.it\\\/#website\",\"url\":\"https:\\\/\\\/www.aikidobustoarsizio.it\\\/\",\"name\":\"Aikido Kobayashi Busto Arsizio\",\"description\":\"riscopri la tua energia\",\"publisher\":{\"@id\":\"https:\\\/\\\/www.aikidobustoarsizio.it\\\/#organization\"},\"potentialAction\":[{\"@type\":\"SearchAction\",\"target\":{\"@type\":\"EntryPoint\",\"urlTemplate\":\"https:\\\/\\\/www.aikidobustoarsizio.it\\\/?s={search_term_string}\"},\"query-input\":{\"@type\":\"PropertyValueSpecification\",\"valueRequired\":true,\"valueName\":\"search_term_string\"}}],\"inLanguage\":\"it-IT\"},{\"@type\":\"Organization\",\"@id\":\"https:\\\/\\\/www.aikidobustoarsizio.it\\\/#organization\",\"name\":\"Aikido Busto Arsizio\",\"url\":\"https:\\\/\\\/www.aikidobustoarsizio.it\\\/\",\"logo\":{\"@type\":\"ImageObject\",\"inLanguage\":\"it-IT\",\"@id\":\"https:\\\/\\\/www.aikidobustoarsizio.it\\\/#\\\/schema\\\/logo\\\/image\\\/\",\"url\":\"https:\\\/\\\/www.aikidobustoarsizio.it\\\/wp-content\\\/uploads\\\/2020\\\/09\\\/header-1.png\",\"contentUrl\":\"https:\\\/\\\/www.aikidobustoarsizio.it\\\/wp-content\\\/uploads\\\/2020\\\/09\\\/header-1.png\",\"width\":307,\"height\":318,\"caption\":\"Aikido Busto Arsizio\"},\"image\":{\"@id\":\"https:\\\/\\\/www.aikidobustoarsizio.it\\\/#\\\/schema\\\/logo\\\/image\\\/\"},\"sameAs\":[\"https:\\\/\\\/www.facebook.com\\\/AikidoBustoArsizio\",\"https:\\\/\\\/www.instagram.com\\\/aikidobustoarsizio\"]}]}<\/script>\r\n<!-- \/ Yoast SEO plugin. -->","yoast_head_json":{"title":"Aikido Kobayashi Busto Arsizio - Aikido Kobayashi Busto Arsizio","robots":{"index":"index","follow":"follow","max-snippet":"max-snippet:-1","max-image-preview":"max-image-preview:large","max-video-preview":"max-video-preview:-1"},"canonical":"https:\/\/www.aikidobustoarsizio.it\/","og_locale":"it_IT","og_type":"article","og_title":"Aikido Kobayashi Busto Arsizio - Aikido Kobayashi Busto Arsizio","og_description":"[et_pb_section fb_built=&#8221;1&#8243; _builder_version=&#8221;3.22&#8243;][et_pb_row _builder_version=&#8221;3.22.1&#8243; background_size=&#8221;initial&#8221; background_position=&#8221;top_left&#8221; background_repeat=&#8221;repeat&#8221;][et_pb_column type=&#8221;4_4&#8243; _builder_version=&#8221;3.0.47&#8243;][et_pb_image src=&#8221;https:\/\/www.aikidobustoarsizio.it\/wp-content\/uploads\/2024\/08\/locandina2425-Aikido.png&#8221; align=&#8221;center&#8221; _builder_version=&#8221;3.22.1&#8243;][\/et_pb_image][\/et_pb_column][\/et_pb_row][et_pb_row _builder_version=&#8221;3.22.1&#8243;][et_pb_column type=&#8221;4_4&#8243; _builder_version=&#8221;3.22.1&#8243;][et_pb_text _builder_version=&#8221;3.22.1&#8243;] La Via che Unisce l\u2019Energia Interiore con l\u2019Universo L\u2019Aikido non \u00e8 una disciplina finalizzata al combattimento, fondata sulla ricerca dell\u2019attacco risolutivo e del colpo offensivo definitivo ma si fonda sulla ricerca del migliore comportamento difensivo. La difesa perfetta perseguita [&hellip;]","og_url":"https:\/\/www.aikidobustoarsizio.it\/","og_site_name":"Aikido Kobayashi Busto Arsizio","article_publisher":"https:\/\/www.facebook.com\/AikidoBustoArsizio","article_modified_time":"2024-08-31T09:12:12+00:00","twitter_card":"summary_large_image","twitter_misc":{"Tempo di lettura stimato":"2 minuti"},"schema":{"@context":"https:\/\/schema.org","@graph":[{"@type":"WebPage","@id":"https:\/\/www.aikidobustoarsizio.it\/","url":"https:\/\/www.aikidobustoarsizio.it\/","name":"Aikido Kobayashi Busto Arsizio - Aikido Kobayashi Busto Arsizio","isPartOf":{"@id":"https:\/\/www.aikidobustoarsizio.it\/#website"},"primaryImageOfPage":{"@id":"https:\/\/www.aikidobustoarsizio.it\/#primaryimage"},"image":{"@id":"https:\/\/www.aikidobustoarsizio.it\/#primaryimage"},"thumbnailUrl":"","datePublished":"2020-09-13T12:59:48+00:00","dateModified":"2024-08-31T09:12:12+00:00","breadcrumb":{"@id":"https:\/\/www.aikidobustoarsizio.it\/#breadcrumb"},"inLanguage":"it-IT","potentialAction":[{"@type":"ReadAction","target":["https:\/\/www.aikidobustoarsizio.it\/"]}]},{"@type":"ImageObject","inLanguage":"it-IT","@id":"https:\/\/www.aikidobustoarsizio.it\/#primaryimage","url":"","contentUrl":"","width":360,"height":640},{"@type":"BreadcrumbList","@id":"https:\/\/www.aikidobustoarsizio.it\/#breadcrumb","itemListElement":[{"@type":"ListItem","position":1,"name":"Home","item":"https:\/\/www.aikidobustoarsizio.it\/"},{"@type":"ListItem","position":2,"name":"Aikido Kobayashi Busto Arsizio"}]},{"@type":"WebSite","@id":"https:\/\/www.aikidobustoarsizio.it\/#website","url":"https:\/\/www.aikidobustoarsizio.it\/","name":"Aikido Kobayashi Busto Arsizio","description":"riscopri la tua energia","publisher":{"@id":"https:\/\/www.aikidobustoarsizio.it\/#organization"},"potentialAction":[{"@type":"SearchAction","target":{"@type":"EntryPoint","urlTemplate":"https:\/\/www.aikidobustoarsizio.it\/?s={search_term_string}"},"query-input":{"@type":"PropertyValueSpecification","valueRequired":true,"valueName":"search_term_string"}}],"inLanguage":"it-IT"},{"@type":"Organization","@id":"https:\/\/www.aikidobustoarsizio.it\/#organization","name":"Aikido Busto Arsizio","url":"https:\/\/www.aikidobustoarsizio.it\/","logo":{"@type":"ImageObject","inLanguage":"it-IT","@id":"https:\/\/www.aikidobustoarsizio.it\/#\/schema\/logo\/image\/","url":"https:\/\/www.aikidobustoarsizio.it\/wp-content\/uploads\/2020\/09\/header-1.png","contentUrl":"https:\/\/www.aikidobustoarsizio.it\/wp-content\/uploads\/2020\/09\/header-1.png","width":307,"height":318,"caption":"Aikido Busto Arsizio"},"image":{"@id":"https:\/\/www.aikidobustoarsizio.it\/#\/schema\/logo\/image\/"},"sameAs":["https:\/\/www.facebook.com\/AikidoBustoArsizio","https:\/\/www.instagram.com\/aikidobustoarsizio"]}]}},"_links":{"self":[{"href":"https:\/\/www.aikidobustoarsizio.it\/index.php?rest_route=\/wp\/v2\/pages\/2","targetHints":{"allow":["GET"]}}],"collection":[{"href":"https:\/\/www.aikidobustoarsizio.it\/index.php?rest_route=\/wp\/v2\/pages"}],"about":[{"href":"https:\/\/www.aikidobustoarsizio.it\/index.php?rest_route=\/wp\/v2\/types\/page"}],"author":[{"embeddable":true,"href":"https:\/\/www.aikidobustoarsizio.it\/index.php?rest_route=\/wp\/v2\/users\/1"}],"replies":[{"embeddable":true,"href":"https:\/\/www.aikidobustoarsizio.it\/index.php?rest_route=%2Fwp%2Fv2%2Fcomments&post=2"}],"version-history":[{"count":34,"href":"https:\/\/www.aikidobustoarsizio.it\/index.php?rest_route=\/wp\/v2\/pages\/2\/revisions"}],"predecessor-version":[{"id":209,"href":"https:\/\/www.aikidobustoarsizio.it\/index.php?rest_route=\/wp\/v2\/pages\/2\/revisions\/209"}],"wp:featuredmedia":[{"embeddable":true,"href":"https:\/\/www.aikidobustoarsizio.it\/index.php?rest_route=\/wp\/v2\/media\/204"}],"wp:attachment":[{"href":"https:\/\/www.aikidobustoarsizio.it\/index.php?rest_route=%2Fwp%2Fv2%2Fmedia&parent=2"}],"curies":[{"name":"wp","href":"https:\/\/api.w.org\/{rel}","templated":true}]}}